100 (base 3) to base 11.
-2670
What is 14600 (base 7) in base 9?
5518
-68 (base 16) to base 10
-104
2b9 (base 16) to base 14
37b
-1d80 (base 14) to base 10
-5404
9834 (base 11) to base 9
18726
-3922 (base 12) to base 9
-8828
Convert -10032 (base 6) to base 14.
-6a0
-14044 (base 6) to base 14
-b24
Convert 111101001 (base 2) to base 12.
349
-313032 (base 7) to base 4
-31021302
-176b (base 14) to base 15
-13ab
-10000100101001000 (base 2) to base 15
-151c7
Convert 71 (base 12) to base 13.
67
Convert 2356 (base 8) to base 14.
662
-888c (base 13) to base 7
-106344
1111001111 (base 2) to base 14
4d9
-536 (base 9) to base 3
-121020
What is -131043 (base 5) in base 12?
-2b90
What is -192a (base 12) in base 13?
-1513
86 (base 12) to base 13
7b
What is -31 (base 12) in base 13?
-2b
What is -1162 (base 7) in base 11?
-367
What is 141500 (base 6) in base 12?
7890
Convert 364 (base 7) to base 14.
db
What is 2313243 (base 5) in base 2?
1010001011100010
What is -340300 (base 5) in base 8?
-27256
What is -102020011 (base 3) in base 2?
-1111111111001
Convert -4204 (base 5) to base 11.
-464
11223 (base 5) to base 16
32d
What is 2522 (base 10) in base 2?
100111011010
What is 42445 (base 9) in base 4?
12312203
What is -93b8 (base 13) in base 8?
-47717
4723 (base 9) to base 14
13c4
What is -3157 (base 16) in base 7?
-51553
-29db (base 14) to base 9
-11182
What is -1574 (base 9) in base 8?
-2261
11000 (base 3) to base 9
130
Convert -2861 (base 10) to base 12.
-17a5
What is 15325 (base 7) in base 6?
31454
What is -130ab (base 12) in base 16?
-65c3
17540 (base 8) to base 10
8032
3233130 (base 4) to base 11
10571
What is 17743 (base 11) in base 3?
1021002110
Convert -1001101110 (base 2) to base 7.
-1546
Convert -358a (base 13) to base 10.
-7550
6294 (base 15) to base 6
240251
1002222 (base 3) to base 4
30221
-38638 (base 11) to base 15
-115e3
Convert -1000011 (base 3) to base 10.
-733
122210 (base 3) to base 12
340
-3d0 (base 16) to base 4
-33100
Convert 11103 (base 14) to base 11.
2908a
Convert -308 (base 9) to base 8.
-373
What is 10100001111 (base 2) in base 7?
3530
-6274 (base 9) to base 15
-156d
5458 (base 9) to base 10
4022
257b (base 14) to base 6
50241
Convert -d8da (base 14) to base 7.
-214063
-5846 (base 9) to base 10
-4335
Convert 5e9 (base 15) to base 4.
111000
-10101011 (base 2) to base 15
-b6
-141133 (base 6) to base 10
-13233
Convert 1001010110000110 (base 2) to base 3.
1221111201
What is 1000000 (base 3) in base 15?
339
Convert -1221000 (base 4) to base 9.
-10186
-412 (base 9) to base 8
-517
Convert 122d (base 15) to base 5.
110433
What is -1320301 (base 4) in base 5?
-221404
Convert -200120 (base 3) to base 9.
-616
Convert -533 (base 9) to base 10.
-435
Convert -3332 (base 8) to base 9.
-2358
Convert -1a95 (base 14) to base 4.
-1023203
50531 (base 6) to base 3
100011101
Convert 32332 (base 6) to base 9.
6082
What is 33212 (base 10) in base 2?
1000000110111100
What is 449 (base 10) in base 5?
3244
32178 (base 12) to base 6
1225032
-325 (base 11) to base 16
-186
Convert 586 (base 15) to base 3.
1201100
be0 (base 15) to base 5
41220
What is -102100221 (base 3) in base 10?
-8287
27c (base 13) to base 7
1200
-5463 (base 16) to base 13
-9aaa
Convert 985a (base 12) to base 3.
212000021
What is 3815 (base 15) in base 12?
6ab5
Convert -2302100 (base 4) to base 10.
-11408
Convert -72 (base 14) to base 2.
-1100100
What is -122213 (base 4) in base 10?
-1703
Convert -587 (base 13) to base 8.
-1674
What is -360 (base 8) in base 13?
-156
What is 741 (base 8) in base 11?
3a8
151 (base 6) to base 10
67
What is -1001100101111100 (base 2) in base 6?
-501524
What is 25045 (base 6) in base 14?
14c5
Convert e1 (base 16) to base 7.
441
Convert -2110002 (base 3) to base 6.
-12132
140202 (base 5) to base 15
1a37
-958 (base 12) to base 4
-111110
-301a0 (base 11) to base 7
-242505
What is 15a3 (base 12) in base 4?
220023
Convert -1403144 (base 5) to base 12.
-14631
What is 100001010101001 (base 2) in base 3?
212102001
What is -104114 (base 9) in base 4?
-33021223
30200 (base 7) to base 4
1302011
What is -a7 (base 16) in base 9?
-205
What is 53043 (base 6) in base 4?
1233303
Convert 522 (base 9) to base 5.
3200
What is 110211 (base 3) in base 4?
11122
-12b1d (base 16) to base 6
-1350301
Convert 614 (base 10) to base 9.
752
What is 2021021 (base 3) in base 2?
11001110110
Convert 112 (base 9) to base 4.
1130
What is -100030 (base 5) in base 12?
-1998
114356 (base 7) to base 13
95b7
What is -329 (base 12) in base 3?
-122020
What is 290 (base 10) in base 12?
202
Convert 42313 (base 5) to base 2.
101100010001
What is -13e (base 16) in base 4?
-10332
What is 360023 (base 7) in base 16?
fd4c
-7035 (base 9) to base 12
-2b7b
Convert -244b (base 16) to base 3.
-110202010
Convert -11310210 (base 4) to base 10.
-23844
What is 10012100222 (base 3) in base 2?
1111010111110011
Convert 102102120 (base 4) to base 8.
222230
What is -4551 (base 7) in base 12?
-b59
What is -981 (base 16) in base 6?
-15133
55340 (base 7) to base 6
144155
1234 (base 5) to base 4
3002
100011111000 (base 2) to base 11
17a8
580 (base 9) to base 2
111011101
-2453 (base 11) to base 9
-4350
Convert -238 (base 16) to base 14.
-2c8
12050 (base 6) to base 5
24013
Convert 12010 (base 3) to base 7.
255
Convert 3533 (base 6) to base 3.
1011110
Convert -2872 (base 15) to base 4.
-2013101
Convert -1001021200 (base 3) to base 10.
-20619
-803 (base 15) to base 3
-2110210
What is -573a (base 12) in base 16?
-25de
186 (base 9) to base 3
12220
-22834 (base 9) to base 2
-11101110011011
Convert -10719 (base 11) to base 6.
-155444
-1010010 (base 2) to base 12
-6a
What is 9554 (base 13) in base 9?
31335
Convert 705 (base 14) to base 3.
1220000
Convert -89 (base 11) to base 3.
-10121
-633 (base 11) to base 3
-1001020
Convert 7a (base 13) to base 15.
6b
-cb9 (base 14) to base 10
-2515
-9a2 (base 11) to base 3
-1122111
-112 (base 5) to base 14
-24
Convert -c6dc (base 14) to base 8.
-102772
What is -4426 (base 7) in base 6?
-11204
Convert -310131 (base 5) to base 3.
-111202220
What is 2870 (base 14) in base 7?
26600
Convert -66 (base 15) to base 11.
-88
What is 447 (base 9) in base 8?
557
What is 13403 (base 5) in base 11?
913
523 (base 6) to base 11
168
Convert -737 (base 8) to base 16.
-1df
-13a4 (base 15) to base 12
-2524
What is -4045 (base 9) in base 15?
-d22
17b30 (base 12) to base 13
128b2
-2bdc (base 15) to base 2
-10010011011000
What is -48bb (base 13) in base 8?
-24066
-3142 (base 5) to base 3
-120122
-1fc (base 16) to base 15
-23d
What is -704 (base 13) in base 2?
-10010100011
What is -262 (base 14) in base 16?
-1de
What is 11302 (base 4) in base 15?
19a
2620 (base 10) to base 11
1a72
What is -1043541 (base 6) in base 14?
-152bb
-3304300 (base 5) to base 2
-1101110111111001
65849 (base 10) to base 14
19dd7
eb (base 15) to base 14
11b
-1003222 (base 4) to base 9
-5841
What is bab4 (base 12) in base 10?
20584
Convert -65021 (base 8) to base 11.
-19445
What is -4a8 (base 13) in base 4?
-30232
What is -10415 (base 12) in base 4?
-11031101
Convert -435 (base 8) to base 10.
-285
Convert -111100101000100 (base 2) to base 15.
-92e9
10111110 (base 2) to base 12
13a
2353 (base 6) to base 2
1000111101
-8371 (base 10) to base 12
-4a17
Convert -30230 (base 4) to base 9.
-1102
Convert b801 (base 13) to base 16.
63b0
23e (base 15) to base 10
509
Convert 120531 (base 8) to base 16.
a159
1110 (base 4) to base 16
54
Convert -314 (base 7) to base 10.
-158
What is 7a2 (base 13) in base 12?
917
What is -a301 (base 12) in base 5?
-1031323
What is -629 (base 16) in base 4?
-120221
What is -1001001111 (base 2) in base 11?
-498
What is -2520 (base 12) in base 6?
-31240
40530 (base 8) to base 14
614c
212001 (base 3) to base 4
21232
What is -220120002 (base 3) in base 14?
-674b
Convert 1447 (base 11) to base 16.
74a
What is -1f4 (base 16) in base 11?
-415
What is 65a (base 14) in base 9?
1645
What is -274 (base 10) in base 9?
-334
What is -568 (base 10) in base 14?
-2c8
Convert -11011101 (base 3) to base 2.
-101111011010
-10000010101000 (base 2) to base 13
-3a61
11100011000101 (base 2) to base 3
201221021
Convert -67a9 (base 16) to base 2.
-110011110101001
What is 22231 (base 4) in base 9?
841
4434 (base 8) to base 16
91c
What is -36440 (base 8) in base 1